{"id":780,"date":"2024-04-24T20:15:31","date_gmt":"2024-04-24T23:15:31","guid":{"rendered":"https:\/\/pluginsds.com\/sites\/?post_type=product&#038;p=780"},"modified":"2024-04-24T20:16:28","modified_gmt":"2024-04-24T23:16:28","slug":"fone-de-ouvido-sem-fio-bluetooth-5-0-airdots-pro-3-cor-preto","status":"publish","type":"product","link":"https:\/\/templates.agenciagosites.com.br\/loja\/produto\/fone-de-ouvido-sem-fio-bluetooth-5-0-airdots-pro-3-cor-preto\/","title":{"rendered":"Fone De Ouvido Sem Fio Bluetooth 5.0 Airdots Pro 3 Cor Preto"},"content":{"rendered":"<p>Experimente a adrenalina de mergulhar na cena de outra maneira! Ter fones de ouvido espec\u00edficos para jogos muda completamente sua experi\u00eancia. Com os BassWaves fone de ouvido bluetooth e6s, voc\u00ea n\u00e3o perde nenhum detalhe e ouve o \u00e1udio como ele foi pensado pelos criadores.<\/p>\n<p>O formato perfeito para voc\u00ea<br \/>\nAo ser in-ear, melhoram a qualidade do \u00e1udio e s\u00e3o de tamanho pequeno para que possam ser inseridos em sua orelha. Eles s\u00e3o ideais para acompanhar voc\u00ea quando se exercita enquanto se adentra no melhor som envolvente.<\/p>\n","protected":false},"excerpt":{"rendered":"<p>Experimente a adrenalina de mergulhar na cena de outra maneira! Ter fones de ouvido espec\u00edficos para jogos muda completamente sua experi\u00eancia. Com os BassWaves fone de ouvido bluetooth e6s, voc\u00ea n\u00e3o perde nenhum detalhe e ouve o \u00e1udio como ele foi pensado pelos criadores. O formato perfeito para voc\u00ea Ao ser in-ear, melhoram a qualidade [&hellip;]<\/p>\n","protected":false},"featured_media":826,"comment_status":"open","ping_status":"closed","template":"","meta":[],"product_brand":[],"product_cat":[20],"product_tag":[],"class_list":{"0":"post-780","1":"product","2":"type-product","3":"status-publish","4":"has-post-thumbnail","6":"product_cat-fone-de-ouvido","8":"first","9":"instock","10":"sale","11":"shipping-taxable","12":"purchasable","13":"product-type-simple"},"_links":{"self":[{"href":"https:\/\/templates.agenciagosites.com.br\/loja\/wp-json\/wp\/v2\/product\/780","targetHints":{"allow":["GET"]}}],"collection":[{"href":"https:\/\/templates.agenciagosites.com.br\/loja\/wp-json\/wp\/v2\/product"}],"about":[{"href":"https:\/\/templates.agenciagosites.com.br\/loja\/wp-json\/wp\/v2\/types\/product"}],"replies":[{"embeddable":true,"href":"https:\/\/templates.agenciagosites.com.br\/loja\/wp-json\/wp\/v2\/comments?post=780"}],"wp:featuredmedia":[{"embeddable":true,"href":"https:\/\/templates.agenciagosites.com.br\/loja\/wp-json\/wp\/v2\/media\/826"}],"wp:attachment":[{"href":"https:\/\/templates.agenciagosites.com.br\/loja\/wp-json\/wp\/v2\/media?parent=780"}],"wp:term":[{"taxonomy":"product_brand","embeddable":true,"href":"https:\/\/templates.agenciagosites.com.br\/loja\/wp-json\/wp\/v2\/product_brand?post=780"},{"taxonomy":"product_cat","embeddable":true,"href":"https:\/\/templates.agenciagosites.com.br\/loja\/wp-json\/wp\/v2\/product_cat?post=780"},{"taxonomy":"product_tag","embeddable":true,"href":"https:\/\/templates.agenciagosites.com.br\/loja\/wp-json\/wp\/v2\/product_tag?post=780"}],"curies":[{"name":"wp","href":"https:\/\/api.w.org\/{rel}","templated":true}]}}