{"id":989,"date":"2023-09-11T15:03:55","date_gmt":"2023-09-11T18:03:55","guid":{"rendered":"https:\/\/pluginsds.com\/sites\/?page_id=989"},"modified":"2023-09-13T16:16:39","modified_gmt":"2023-09-13T19:16:39","slug":"menu","status":"publish","type":"page","link":"https:\/\/templates.agenciagosites.com.br\/loja\/menu\/","title":{"rendered":"menu"},"content":{"rendered":"\t\t<div data-elementor-type=\"wp-page\" data-elementor-id=\"989\" class=\"elementor elementor-989\" data-elementor-post-type=\"page\">\n\t\t\t\t<div class=\"elementor-element elementor-element-ace4a51 e-flex e-con-boxed e-con e-parent\" data-id=\"ace4a51\" data-element_type=\"container\" data-e-type=\"container\" data-settings=\"{&quot;background_background&quot;:&quot;classic&quot;}\">\n\t\t\t\t\t<div class=\"e-con-inner\">\n\t\t\t\t<div class=\"elementor-element elementor-element-cdfbf1e elementor-widget elementor-widget-image\" data-id=\"cdfbf1e\" data-element_type=\"widget\" data-e-type=\"widget\" data-widget_type=\"image.default\">\n\t\t\t\t<div class=\"elementor-widget-container\">\n\t\t\t\t\t\t\t\t\t\t\t\t\t\t\t<img fetchpriority=\"high\" decoding=\"async\" width=\"414\" height=\"414\" src=\"https:\/\/templates.agenciagosites.com.br\/loja\/wp-content\/uploads\/2023\/09\/Inserir-um-titulo-2.png\" class=\"attachment-full size-full wp-image-1017\" alt=\"\" srcset=\"https:\/\/templates.agenciagosites.com.br\/loja\/wp-content\/uploads\/2023\/09\/Inserir-um-titulo-2.png 414w, https:\/\/templates.agenciagosites.com.br\/loja\/wp-content\/uploads\/2023\/09\/Inserir-um-titulo-2-300x300.png 300w, https:\/\/templates.agenciagosites.com.br\/loja\/wp-content\/uploads\/2023\/09\/Inserir-um-titulo-2-150x150.png 150w\" sizes=\"(max-width: 414px) 100vw, 414px\" \/>\t\t\t\t\t\t\t\t\t\t\t\t\t\t\t<\/div>\n\t\t\t\t<\/div>\n\t\t\t\t<div class=\"elementor-element elementor-element-fd39b6b elementor-widget elementor-widget-heading\" data-id=\"fd39b6b\" data-element_type=\"widget\" data-e-type=\"widget\" data-widget_type=\"heading.default\">\n\t\t\t\t<div class=\"elementor-widget-container\">\n\t\t\t\t\t<h2 class=\"elementor-heading-title elementor-size-default\">@anastasiaesteticaavan\u00e7ada<\/h2>\t\t\t\t<\/div>\n\t\t\t\t<\/div>\n\t\t\t\t<div class=\"elementor-element elementor-element-66f1c2d elementor-widget elementor-widget-heading\" data-id=\"66f1c2d\" data-element_type=\"widget\" data-e-type=\"widget\" data-widget_type=\"heading.default\">\n\t\t\t\t<div class=\"elementor-widget-container\">\n\t\t\t\t\t<h2 class=\"elementor-heading-title elementor-size-default\">Dra Anast\u00e1sia Fonseca<\/h2>\t\t\t\t<\/div>\n\t\t\t\t<\/div>\n\t\t\t\t<div class=\"elementor-element elementor-element-fe5e09e elementor-widget elementor-widget-image\" data-id=\"fe5e09e\" data-element_type=\"widget\" data-e-type=\"widget\" data-settings=\"{&quot;_animation_mobile&quot;:&quot;zoomIn&quot;}\" data-widget_type=\"image.default\">\n\t\t\t\t<div class=\"elementor-widget-container\">\n\t\t\t\t\t\t\t\t\t\t\t\t\t\t\t<img decoding=\"async\" width=\"624\" height=\"141\" src=\"https:\/\/templates.agenciagosites.com.br\/loja\/wp-content\/uploads\/2023\/09\/Inserir-um-titulo-5.png\" class=\"elementor-animation-grow attachment-full size-full wp-image-1022\" alt=\"\" srcset=\"https:\/\/templates.agenciagosites.com.br\/loja\/wp-content\/uploads\/2023\/09\/Inserir-um-titulo-5.png 624w, https:\/\/templates.agenciagosites.com.br\/loja\/wp-content\/uploads\/2023\/09\/Inserir-um-titulo-5-300x68.png 300w\" sizes=\"(max-width: 624px) 100vw, 624px\" \/>\t\t\t\t\t\t\t\t\t\t\t\t\t\t\t<\/div>\n\t\t\t\t<\/div>\n\t\t\t\t<div class=\"elementor-element elementor-element-d1bbc0c elementor-widget elementor-widget-image\" data-id=\"d1bbc0c\" data-element_type=\"widget\" data-e-type=\"widget\" data-settings=\"{&quot;_animation_mobile&quot;:&quot;zoomIn&quot;}\" data-widget_type=\"image.default\">\n\t\t\t\t<div class=\"elementor-widget-container\">\n\t\t\t\t\t\t\t\t\t\t\t\t\t\t\t<img decoding=\"async\" width=\"624\" height=\"140\" src=\"https:\/\/templates.agenciagosites.com.br\/loja\/wp-content\/uploads\/2023\/09\/Inserir-um-titulo-6.png\" class=\"elementor-animation-grow attachment-full size-full wp-image-1021\" alt=\"\" srcset=\"https:\/\/templates.agenciagosites.com.br\/loja\/wp-content\/uploads\/2023\/09\/Inserir-um-titulo-6.png 624w, https:\/\/templates.agenciagosites.com.br\/loja\/wp-content\/uploads\/2023\/09\/Inserir-um-titulo-6-300x67.png 300w\" sizes=\"(max-width: 624px) 100vw, 624px\" \/>\t\t\t\t\t\t\t\t\t\t\t\t\t\t\t<\/div>\n\t\t\t\t<\/div>\n\t\t\t\t<div class=\"elementor-element elementor-element-81a9f4d elementor-widget elementor-widget-image\" data-id=\"81a9f4d\" data-element_type=\"widget\" data-e-type=\"widget\" data-settings=\"{&quot;_animation_mobile&quot;:&quot;zoomIn&quot;}\" data-widget_type=\"image.default\">\n\t\t\t\t<div class=\"elementor-widget-container\">\n\t\t\t\t\t\t\t\t\t\t\t\t\t\t\t<img loading=\"lazy\" decoding=\"async\" width=\"624\" height=\"141\" src=\"https:\/\/templates.agenciagosites.com.br\/loja\/wp-content\/uploads\/2023\/09\/Inserir-um-titulo-7.png\" class=\"elementor-animation-grow attachment-full size-full wp-image-1020\" alt=\"\" srcset=\"https:\/\/templates.agenciagosites.com.br\/loja\/wp-content\/uploads\/2023\/09\/Inserir-um-titulo-7.png 624w, https:\/\/templates.agenciagosites.com.br\/loja\/wp-content\/uploads\/2023\/09\/Inserir-um-titulo-7-300x68.png 300w\" sizes=\"(max-width: 624px) 100vw, 624px\" \/>\t\t\t\t\t\t\t\t\t\t\t\t\t\t\t<\/div>\n\t\t\t\t<\/div>\n\t\t\t\t<div class=\"elementor-element elementor-element-059b57d elementor-view-default elementor-position-block-start elementor-mobile-position-block-start elementor-widget elementor-widget-icon-box\" data-id=\"059b57d\" data-element_type=\"widget\" data-e-type=\"widget\" data-widget_type=\"icon-box.default\">\n\t\t\t\t<div class=\"elementor-widget-container\">\n\t\t\t\t\t\t\t<div class=\"elementor-icon-box-wrapper\">\n\n\t\t\t\t\t\t<div class=\"elementor-icon-box-icon\">\n\t\t\t\t<span  class=\"elementor-icon\">\n\t\t\t\t<i aria-hidden=\"true\" class=\"fas fa-map-marker-alt\"><\/i>\t\t\t\t<\/span>\n\t\t\t<\/div>\n\t\t\t\n\t\t\t\t\t\t<div class=\"elementor-icon-box-content\">\n\n\t\t\t\t\t\t\t\t\t<h3 class=\"elementor-icon-box-title\">\n\t\t\t\t\t\t<span  >\n\t\t\t\t\t\t\tRua Dos P\u00e1ssaros B 0001, Centro, Uberl\u00e2ndia - MG\t\t\t\t\t\t<\/span>\n\t\t\t\t\t<\/h3>\n\t\t\t\t\n\t\t\t\t\n\t\t\t<\/div>\n\t\t\t\n\t\t<\/div>\n\t\t\t\t\t\t<\/div>\n\t\t\t\t<\/div>\n\t\t\t\t\t<\/div>\n\t\t\t\t<\/div>\n\t\t\t\t<\/div>\n\t\t","protected":false},"excerpt":{"rendered":"<p>@anastasiaesteticaavan\u00e7ada Dra Anast\u00e1sia Fonseca Rua Dos P\u00e1ssaros B 0001, Centro, Uberl\u00e2ndia &#8211; MG<\/p>\n","protected":false},"author":1,"featured_media":0,"parent":0,"menu_order":0,"comment_status":"closed","ping_status":"closed","template":"elementor_canvas","meta":{"_joinchat":[],"footnotes":""},"class_list":["post-989","page","type-page","status-publish","hentry"],"_links":{"self":[{"href":"https:\/\/templates.agenciagosites.com.br\/loja\/wp-json\/wp\/v2\/pages\/989","targetHints":{"allow":["GET"]}}],"collection":[{"href":"https:\/\/templates.agenciagosites.com.br\/loja\/wp-json\/wp\/v2\/pages"}],"about":[{"href":"https:\/\/templates.agenciagosites.com.br\/loja\/wp-json\/wp\/v2\/types\/page"}],"author":[{"embeddable":true,"href":"https:\/\/templates.agenciagosites.com.br\/loja\/wp-json\/wp\/v2\/users\/1"}],"replies":[{"embeddable":true,"href":"https:\/\/templates.agenciagosites.com.br\/loja\/wp-json\/wp\/v2\/comments?post=989"}],"version-history":[{"count":0,"href":"https:\/\/templates.agenciagosites.com.br\/loja\/wp-json\/wp\/v2\/pages\/989\/revisions"}],"wp:attachment":[{"href":"https:\/\/templates.agenciagosites.com.br\/loja\/wp-json\/wp\/v2\/media?parent=989"}],"curies":[{"name":"wp","href":"https:\/\/api.w.org\/{rel}","templated":true}]}}